hat is the greatest common factor of 9084 and 16764?
12
What is the greatest common divisor of 6629 and 1141?
7
Calculate the highest common divisor of 429 and 569010.
39
What is the highest common divisor of 535715 and 52190?
1535
Calculate the greatest common divisor of 567 and 3563.
7
What is the highest common divisor of 103537 and 49?
49
Calculate the greatest common divisor of 85540 and 4368.
364
What is the highest common factor of 1474 and 603?
67
What is the highest common factor of 374 and 1078?
22
What is the highest common factor of 47666 and 6?
2
What is the greatest common divisor of 820980 and 24?
12
Calculate the highest common factor of 867 and 837233.
289
What is the greatest common divisor of 731488 and 64?
32
Calculate the highest common divisor of 75900 and 20295.
165
What is the highest common factor of 20865 and 1498?
107
What is the greatest common factor of 661648 and 208?
208
Calculate the highest common divisor of 186 and 212970.
186
Calculate the highest common factor of 12 and 425892.
12
Calculate the greatest common factor of 359877 and 21.
21
What is the highest common factor of 120568 and 98?
14
What is the greatest common factor of 210 and 1465740?
30
Calculate the greatest common factor of 739404 and 846.
846
What is the greatest common factor of 22860 and 10980?
180
What is the highest common divisor of 744 and 3703260?
372
Calculate the highest common factor of 219 and 22557.
219
Calculate the highest common factor of 65 and 240815.
5
Calculate the greatest common divisor of 143 and 122759.
13
Calculate the highest common factor of 495 and 31405.
55
What is the greatest common divisor of 1116 and 688386?
186
What is the highest common divisor of 4 and 135712?
4
Calculate the highest common divisor of 63 and 993438.
9
Calculate the greatest common factor of 852 and 11289.
213
What is the highest common divisor of 16 and 449824?
16
Calculate the highest common factor of 185852 and 97.
97
What is the greatest common factor of 350 and 55160?
70
Calculate the greatest common divisor of 60192 and 308.
44
Calculate the highest common factor of 43 and 8772.
43
What is the greatest common divisor of 28 and 488936?
28
Calculate the greatest common divisor of 339 and 1244808.
339
Calculate the highest common divisor of 319 and 28941.
11
What is the greatest common divisor of 11277 and 6741?
63
What is the greatest common divisor of 269181 and 297?
99
What is the greatest common factor of 542298 and 228?
114
Calculate the highest common divisor of 2286 and 648.
18
What is the greatest common divisor of 6432 and 6968?
536
Calculate the greatest common factor of 7458 and 4686.
66
Calculate the highest common divisor of 2735483 and 29.
29
Calculate the greatest common factor of 6490 and 165.
55
Calculate the greatest common factor of 712 and 3498056.
712
Calculate the highest common factor of 30192 and 6324.
204
What is the highest common divisor of 343 and 1547?
7
Calculate the greatest common divisor of 378 and 465213.
21
Calculate the highest common factor of 138 and 3398457.
69
What is the highest common factor of 3317042 and 202?
202
What is the highest common factor of 1152698 and 111?
37
What is the highest common divisor of 14768 and 8944?
208
Calculate the greatest common divisor of 890 and 4927930.
890
What is the highest common factor of 21 and 363?
3
What is the highest common factor of 6183 and 16259?
229
What is the highest common divisor of 15 and 161925?
15
What is the highest common factor of 12402 and 5499?
117
What is the highest common divisor of 317718 and 54?
18
Calculate the greatest common factor of 6408916 and 2148.
716
What is the highest common divisor of 16132 and 1526?
218
What is the highest common divisor of 8238 and 6313054?
2746
What is the greatest common divisor of 1122 and 8228?
374
Calculate the highest common factor of 195 and 1901835.
195
Calculate the greatest common divisor of 2242 and 274398.
38
Calculate the greatest common factor of 19 and 11229.
19
What is the greatest common factor of 19 and 235581?
19
What is the highest common divisor of 910052 and 26?
26
What is the highest common divisor of 24 and 5412228?
12
Calculate the greatest common factor of 1468 and 1772.
4
Calculate the greatest common factor of 9984 and 1170.
78
What is the greatest common divisor of 20272 and 21?
7
Calculate the highest common factor of 36 and 72375.
3
Calculate the greatest common divisor of 428 and 2319546.
214
Calculate the greatest common factor of 320 and 53440.
320
What is the greatest common factor of 275 and 1450?
25
What is the greatest common divisor of 1397690 and 861?
287
What is the highest common divisor of 2494 and 1566?
58
What is the greatest common divisor of 2618 and 20321?
7
Calculate the greatest common divisor of 22 and 563882.
22
What is the highest common divisor of 203 and 252329?
203
Calculate the highest common factor of 63543 and 177.
177
Calculate the greatest common divisor of 240256 and 99481.
1877
What is the greatest common divisor of 529728 and 9078?
534
Calculate the greatest common divisor of 51 and 19873.
17
What is the greatest common divisor of 2514 and 86?
2
Calculate the highest common factor of 60 and 26460.
60
Calculate the highest common divisor of 169743 and 168.
21
Calculate the highest common factor of 21789 and 347010.
807
What is the highest common divisor of 336 and 4560?
48
Calculate the highest common factor of 281649 and 21.
3
What is the greatest common divisor of 10153 and 2627?
71
Calculate the highest common divisor of 9646 and 1590.
106
What is the highest common divisor of 1112023 and 11?
11
Calculate the greatest common divisor of 3694 and 5952881.
1847
Calculate the greatest common divisor of 20 and 1641060.
20
Calculate the greatest common divisor of 61640 and 201.
67
Calculate the highest common factor of 130 and 18510.
10
What is the highest common factor of 281 and 202601?
281
What is the greatest common divisor of 10406774 and 172?
86
What is the greatest common factor of 798 and 88935?
21
Calculate the highest common factor of 4108152 and 51.
51
What is the greatest common factor of 15911 and 5341?
7
What is the greatest common factor of 12 and 1595580?
12
What is the highest common divisor of 42846 and 87429?
579
Calculate the highest common factor of 50418 and 21.
3
Calculate the highest common factor of 122094 and 1242.
54
Calculate the highest common divisor of 893950 and 57.
19
Calculate the greatest common factor of 1776 and 638768.
592
What is the highest common divisor of 141 and 139637?
47
Calculate the highest common factor of 159777 and 81.
9
What is the greatest common divisor of 3424 and 5536?
32
Calculate the greatest common factor of 18142 and 94.
94
What is the greatest common factor of 39 and 79495?
13
What is the greatest common factor of 1 and 26041?
1
What is the greatest common factor of 1 and 368605?
1
What is the highest common factor of 24358 and 314090?
1282
What is the highest common factor of 86788 and 4576?
52
What is the highest common divisor of 6582595 and 10?
5
Calculate the highest common factor of 2954350 and 690.
230
What is the highest common factor of 286 and 47294?
26
Calculate the greatest common factor of 118 and 2532221.
59
Calculate the highest common factor of 57 and 27892.
19
Calculate the greatest common factor of 306530 and 105.
35
What is the highest common divisor of 1934353 and 2481?
827
What is the highest common divisor of 74200 and 28?
28
What is the greatest common factor of 348152 and 12?
4
Calculate the greatest common divisor of 119356 and 113726.
1126
What is the greatest common factor of 258 and 5344083?
129
Calculate the greatest common divisor of 426 and 230608.
142
Calculate the greatest common factor of 8400 and 871080.
840
Calculate the highest common divisor of 56758 and 104.
26
What is the greatest common factor of 118725 and 1725?
75
Calculate the highest common divisor of 291764 and 3490.
698
What is the greatest common factor of 28 and 192388?
28
Calculate the highest common divisor of 144 and 64336.
16
Calculate the greatest common divisor of 9280 and 440.
40
What is the greatest common divisor of 528 and 196647?
33
What is the greatest common factor of 16 a